{"id":740,"date":"2023-10-27T15:13:40","date_gmt":"2023-10-27T15:13:40","guid":{"rendered":"http:\/\/www.fitandfun.sk\/?page_id=740"},"modified":"2023-10-31T06:48:40","modified_gmt":"2023-10-31T06:48:40","slug":"kto-som","status":"publish","type":"page","link":"http:\/\/www.fitandfun.sk\/?page_id=740","title":{"rendered":"Kto som"},"content":{"rendered":"\n<p>Vol\u00e1m sa Daniela Barto\u0148ov\u00e1. \u0160port je pre m\u0148a u\u017e od detstva v\u00fdznamnou s\u00fa\u010das\u0165ou \u017eivota. Moj\u00edm snom bolo venova\u0165 sa mu na najvy\u0161\u0161ej \u00farovni, \u010do sa mi z&nbsp;\u010dasti podarilo aj&nbsp;\u00fa\u010das\u0165ou na Olympi\u00e1de v Sochi 2014. V\u010faka rokom tr\u00e9ningu a h\u013eadaniu sp\u00f4sobov ako zvy\u0161ova\u0165 \u0161portov\u00fa v\u00fdkonnos\u0165&nbsp; som pochopila nutnos\u0165 neust\u00e1le pracova\u0165 na svojom rozvoji a&nbsp;vzdel\u00e1van\u00ed.<\/p>\n\n\n<div class=\"wp-block-image\">\n<figure class=\"aligncenter size-full is-resized\"><img decoding=\"async\" loading=\"lazy\" src=\"http:\/\/www.fitandfun.sk\/wp-content\/uploads\/2023\/10\/4-080cde1aac7e119fb2448612afdc50b7eb810938-1.jpg\" alt=\"\" class=\"wp-image-776\" width=\"209\" height=\"314\" srcset=\"http:\/\/www.fitandfun.sk\/wp-content\/uploads\/2023\/10\/4-080cde1aac7e119fb2448612afdc50b7eb810938-1.jpg 632w, http:\/\/www.fitandfun.sk\/wp-content\/uploads\/2023\/10\/4-080cde1aac7e119fb2448612afdc50b7eb810938-1-200x300.jpg 200w, http:\/\/www.fitandfun.sk\/wp-content\/uploads\/2023\/10\/4-080cde1aac7e119fb2448612afdc50b7eb810938-1-100x150.jpg 100w\" sizes=\"(max-width: 209px) 100vw, 209px\" \/><\/figure><\/div>\n\n\n<p class=\"has-medium-font-size\">       Na z\u00e1klade vedomost\u00ed, ktor\u00e9 som nadobudla \u0161t\u00fadiom \u0161portu a <strong>tr\u00e9nerstva<\/strong> v\u00a0kombin\u00e1cii s\u00a0cenn\u00fdmi praktick\u00fdmi sk\u00fasenos\u0165ami \u0161portovkyne, v\u00e1m m\u00f4\u017eem uk\u00e1za\u0165 ako si zv\u00fd\u0161i\u0165 fyzick\u00fa v\u00fdkonnos\u0165. <\/p>\n\n\n\n<p class=\"has-medium-font-size\">Vzdelanie v oblasti <strong>kou\u010dingu <\/strong> roz\u0161iruje moje mo\u017enosti pr\u00e1ce aj na zlep\u0161en\u00ed ment\u00e1lnej kvality \u017eivota.  <\/p>\n\n\n\n<p class=\"has-medium-font-size\">Mostom medzi telom a du\u0161ou m\u00f4\u017ee by\u0165 pr\u00e1ve dych. Vn\u00edmam d\u00f4le\u017eitos\u0165 <strong>funk\u010dn\u00e9ho d\u00fdchania <\/strong>ako n\u00e1stroja, v\u010faka ktor\u00e9mu je mo\u017en\u00e9 rozv\u00edja\u0165 osobn\u00fd potenci\u00e1l v \u0161porte, oblasti zdravia aj du\u0161evnej rovnov\u00e1hy. <\/p>\n\n\n\n<p class=\"has-medium-font-size\">         Pr\u00e1ca s \u013eu\u010fmi ma nap\u013a\u0148a. \u00daplne re\u0161pektujem, \u017ee ka\u017ed\u00fd \u010dlovek m\u00e1 svoje individu\u00e1lne potreby a moj\u00edm cie\u013eom je kon\u0161trukt\u00edvna podpora klienta. Spolupracujem so \u0161portovcami v\u0161etk\u00fdch v\u00fdkonnostn\u00fdch \u00farovn\u00ed, ale aj s \u013eu\u010fmi, ktor\u00ed si svoj vz\u0165ah k pohybu e\u0161te len buduj\u00fa.<\/p>\n\n\n\n<p class=\"has-medium-font-size\">Ak m\u00e1te z\u00e1ujem o spolupr\u00e1cu, nev\u00e1hajte ma kontaktova\u0165. Vysok\u00e9 Tatry s\u00fa miesto kde som doma.<\/p>\n\n\n\n<p><\/p>\n\n\n<div class=\"wp-block-image\">\n<figure class=\"alignleft size-large is-resized\"><img decoding=\"async\" loading=\"lazy\" src=\"http:\/\/www.fitandfun.sk\/wp-content\/uploads\/2023\/10\/IMG_6773-1024x768.jpg\" alt=\"\" class=\"wp-image-810\" width=\"292\" height=\"219\" srcset=\"http:\/\/www.fitandfun.sk\/wp-content\/uploads\/2023\/10\/IMG_6773-1024x768.jpg 1024w, http:\/\/www.fitandfun.sk\/wp-content\/uploads\/2023\/10\/IMG_6773-300x225.jpg 300w, http:\/\/www.fitandfun.sk\/wp-content\/uploads\/2023\/10\/IMG_6773-150x113.jpg 150w, http:\/\/www.fitandfun.sk\/wp-content\/uploads\/2023\/10\/IMG_6773-768x576.jpg 768w, http:\/\/www.fitandfun.sk\/wp-content\/uploads\/2023\/10\/IMG_6773-1536x1152.jpg 1536w, http:\/\/www.fitandfun.sk\/wp-content\/uploads\/2023\/10\/IMG_6773-2048x1536.jpg 2048w, http:\/\/www.fitandfun.sk\/wp-content\/uploads\/2023\/10\/IMG_6773-80x60.jpg 80w\" sizes=\"(max-width: 292px) 100vw, 292px\" \/><\/figure><\/div>\n\n\n<p class=\"has-text-align-left has-medium-font-size\">Mgr. Daniela Barto\u0148ov\u00e1<\/p>\n\n\n\n<p class=\"has-medium-font-size\">mail: bartonova.danka@gmail.com<\/p>\n\n\n\n<p class=\"has-medium-font-size\">fb messenger: Daniela Kotschov\u00e1 Barto\u0148ov\u00e1 <\/p>\n\n\n\n<p class=\"has-medium-font-size\">instagram: danka_barton<\/p>\n","protected":false},"excerpt":{"rendered":"<p>Vol\u00e1m sa Daniela Barto\u0148ov\u00e1. \u0160port je pre m\u0148a u\u017e od detstva v\u00fdznamnou s\u00fa\u010das\u0165ou \u017eivota. Moj\u00edm snom bolo venova\u0165 sa mu na najvy\u0161\u0161ej \u00farovni, \u010do sa mi z&nbsp;\u010dasti podarilo aj&nbsp;\u00fa\u010das\u0165ou na Olympi\u00e1de v Sochi 2014. V\u010faka rokom tr\u00e9ningu a h\u013eadaniu sp\u00f4sobov ako zvy\u0161ova\u0165 \u0161portov\u00fa v\u00fdkonnos\u0165&nbsp; som pochopila nutnos\u0165 neust\u00e1le pracova\u0165 na svojom rozvoji a&nbsp;vzdel\u00e1van\u00ed. Na z\u00e1klade &hellip; <\/p>\n","protected":false},"author":1,"featured_media":0,"parent":0,"menu_order":0,"comment_status":"closed","ping_status":"closed","template":"","meta":{"ngg_post_thumbnail":0},"_links":{"self":[{"href":"http:\/\/www.fitandfun.sk\/index.php?rest_route=\/wp\/v2\/pages\/740"}],"collection":[{"href":"http:\/\/www.fitandfun.sk\/index.php?rest_route=\/wp\/v2\/pages"}],"about":[{"href":"http:\/\/www.fitandfun.sk\/index.php?rest_route=\/wp\/v2\/types\/page"}],"author":[{"embeddable":true,"href":"http:\/\/www.fitandfun.sk\/index.php?rest_route=\/wp\/v2\/users\/1"}],"replies":[{"embeddable":true,"href":"http:\/\/www.fitandfun.sk\/index.php?rest_route=%2Fwp%2Fv2%2Fcomments&post=740"}],"version-history":[{"count":15,"href":"http:\/\/www.fitandfun.sk\/index.php?rest_route=\/wp\/v2\/pages\/740\/revisions"}],"predecessor-version":[{"id":905,"href":"http:\/\/www.fitandfun.sk\/index.php?rest_route=\/wp\/v2\/pages\/740\/revisions\/905"}],"wp:attachment":[{"href":"http:\/\/www.fitandfun.sk\/index.php?rest_route=%2Fwp%2Fv2%2Fmedia&parent=740"}],"curies":[{"name":"wp","href":"https:\/\/api.w.org\/{rel}","templated":true}]}}